u?
3
List the prime factors of ((-18)/(-54))/(2/3)*282.
3, 47
Let a(w) = w - 3. Let u be a(7). Suppose -3*i + u*j + 74 = -0*i, -3*j = 4*i - 107. What are the prime factors of i?
2, 13
Let q(l) = -l - 1. Let m(u) = 5*u + 15. Let t(w) = m(w) + 4*q(w). Let k be t(-8). Suppose -k*i = 8 - 35. List the prime factors of i.
3
Let z(c) = c**3 - 3*c**2 - 4*c + 4. Let a be z(4). Suppose 78 = a*t - 2. List the prime factors of t.
2, 5
Let c be (5/15)/(2/12). Suppose -c*j = 11 - 57. List the prime factors of j.
23
Suppose y - 547 = -2*y - 4*l, -2*y + 373 = l. List the prime factors of y.
3, 7
What are the prime factors of (1 + -68 + 0)*(-3 + 2)?
67
Let t(k) = 2*k + 2. Let y be t(-4). Let l be y/((9/2)/(-3)). Suppose l*s - 21 = -5*c + 15, 5*s - 12 = 2*c. List the prime factors of c.
2
Let g = -2 + 5. What are the prime factors of ((-1)/3)/(g/(-198))?
2, 11
Suppose -37 - 37 = -3*z - 2*j, -119 = -5*z + j. Suppose 4*p - s = 2*s + 27, 2*p + 2*s = z. List the prime factors of p.
3
Suppose 3*k - 2*k = 2. What are the prime factors of -4*(2 - k - 2)?
2
Let r(f) = f**3 - 6*f**2 + f - 5. List the prime factors of r(7).
3, 17
Suppose -3*k = q - 6*q + 615, -4*q - 4*k + 460 = 0. Suppose 145 = 5*i + 4*z, -3*i - q = -8*i + z. What are the prime factors of i?
5
Let f = 5 - 15. Let i = f + 18. List the prime factors of i.
2
Let l be (-1 - -2)/((-1)/(-3)). Suppose -m - 1 + l = 0. Suppose -f + m = -4. What are the prime factors of f?
2, 3
What are the prime factors of (-8)/60 - (-1384)/30?
2, 23
Suppose 0*l = -5*l + 30. Let m = -13 + l. Let w = m - -14. List the prime factors of w.
7
Let k(p) = -5*p - 19. List the prime factors of k(-8).
3, 7
Let h be 18 - 1/(-2)*4. Suppose -4*w = -2*w + 5*v - 51, 4*v - h = 0. What are the prime factors of w?
13
Suppose -3*l + 23 = -4. Suppose -5*v + 1 = -l. Let p = 11 + v. List the prime factors of p.
13
Let m(b) be the first derivative of -6*b**2 + b + 1. What are the prime factors of m(-1)?
13
Suppose -7*p = -11*p + 212. What are the prime factors of p?
53
Suppose -2*f = -6*f - 40. Let o = -6 - f. Suppose -g + 0*g + 18 = 5*c, -c = -o*g + 30. What are the prime factors of g?
2
Let u be (-2 + 1)/(1/5). Let n be 3/5 - 2/u. What are the prime factors of (2 - -6) + 2*n?
2, 5
Let i(o) be the first derivative of o**4/4 + o**3 - o**2 - o - 1. Let x be i(-3). Suppose x*t - 9 - 6 = 0. List the prime factors of t.
3
What are the prime factors of 39*(14/(-21) - 8/(-6))?
2, 13
Let q(m) = -m**3 + 5*m**2 - 5*m + 2. Let f be 7/3 + 10/15. Let u be q(f). Suppose -u*j + 16 = -3*j. List the prime factors of j.
2
Suppose 2*z + 3*c - 66 = 0, -4*z + 2*c + 88 = -3*c. What are the prime factors of z?
3
Let r = 120 + -68. What are the prime factors of r?
2, 13
What are the prime factors of 1696/20 - 2/(-10)?
5, 17
Let n be (-3 + 2 - -3) + 6. Suppose -2*y = 3*l + 5, -y - n = 2*l - 4. List the prime factors of y.
2
Let a be -1 + (8/2 - 0). Let f(h) = h**3 - 7*h**2 - h + 1. Let r be f(7). Let m = a - r. What are the prime factors of m?
3
Let d(o) = 15*o - 4. List the prime factors of d(1).
11
Let x be (-200)/9 + 2/9. Let h be (-2)/(-2) + (-11 - 0). Let a = h - x. What are the prime factors of a?
2, 3
Suppose -6*q + 0*q + 156 = 0. Suppose -2*w + q = -18. List the prime factors of w.
2, 11
Let h = 30 - 23. Suppose -h*i + 155 = -2*i. List the prime factors of i.
31
Let g(w) = 7*w - 4. Let z = -22 + 30. What are the prime factors of g(z)?
2, 13
Let z be 4/(-16) + (-26)/(-8). Suppose 45 = z*a + 2*a. List the prime factors of a.
3
Suppose 9*a - 1205 = 118. What are the prime factors of a?
3, 7
Let a(l) = -l**3 - 6*l**2 - 2*l + 2. Let b be (4/(-10))/(4/60). List the prime factors of a(b).
2, 7
Let c be 16/(-4) - 172/(-2). Suppose -5*h + k + c = 8, 4*h - 44 = -3*k. List the prime factors of h.
2, 7
Suppose -7 = -3*f + 5. Suppose -5*n = f*x - 4, -n - 5*x - 23 = -7. Suppose 2*a = n*a - 4. What are the prime factors of a?
2
Let c = -4 - -9. Suppose v - c = -1. Suppose i - 50 = -v*i. What are the prime factors of i?
2, 5
Suppose 13 = -2*n - 0*q + 5*q, -4*n = -5*q + 1. List the prime factors of n.
2, 3
Suppose -z - 72 = -3*z. Suppose -5*o + z + 5 = -3*x, o = 4*x - 2. List the prime factors of o.
2, 5
Let h be (-10)/(-15)*978/4. Suppose 0 = -3*o - 5*g - 4 + 95, 5*o - h = 3*g. What are the prime factors of o?
2
Suppose -3*w + 4*i - 22 = 0, 5*w - 3*i + 30 = -14. List the prime factors of ((-5)/w)/(2/96).
2, 3
Let j(f) = -f + 12. Let n be j(6). Suppose -n*m = -m - 15. What are the prime factors of m?
3
Let a(r) = -3*r**3 + r**2. Let m be a(-1). Suppose 19 = 2*v + 2*i - 13, 3*i = v + m. List the prime factors of v.
11
Let m(g) = g**3 + 1. Let k(a) = a + 10. Let t be k(-8). List the prime factors of m(t).
3
Let i(t) = t + 0*t + 4*t - 4*t - 1. List the prime factors of i(7).
2, 3
Let n = 19 + 6. Let j = n + -20. List the prime factors of j.
5
Let o = -193 + 331. List the prime factors of o.
2, 3, 23
Let q = -6 - -4. Let d be 1/q - (-1)/(-2). List the prime factors of ((d - -2) + 0)*4.
2
Suppose 9 = j + 3*f - 7*f, -9 = -3*f. What are the prime factors of j?
3, 7
Suppose 4*p + 0*p = 20. Suppose 2*j - 1 = p. What are the prime factors of j?
3
Suppose 122 = 3*n + 2*n - 4*i, n + 3*i - 32 = 0. Suppose -5*o = 1 - n. List the prime factors of o.
5
Let g = -9 - -11. Suppose 2*a = -g*x + 4, x = -4*a + 4*x + 15. What are the prime factors of a?
3
What are the prime factors of (-6)/8 - 403/(-52)?
7
Let s = -525 + 851. What are the prime factors of s?
2, 163
Let h(i) = -i**2 + 9*i - 4. Let r be h(11). Let j = r - -49. List the prime factors of j/1 + -1*3.
2, 5
Let j(w) = -9*w - 1. Let b be j(-2). Let d = b + -2. Suppose h = -2*h + d. What are the prime factors of h?
5
Let c(p) = 3*p**3 - 2*p**2 + 3*p - 6. What are the prime factors of c(2)?
2
Let o(z) = 2*z**2 + z - 3. What are the prime factors of o(-4)?
5
Let t(a) = 3*a**2 - 5*a - 1. What are the prime factors of t(4)?
3
Suppose -5*s = -5*y - 4*s + 141, 4*y + 4*s = 132. What are the prime factors of y?
29
Let t(f) = f. Let x be t(2). Suppose -5*b = -x*b. Suppose 0 = -b*h + 5*h - 25. What are the prime factors of h?
5
Let f(h) = 42*h**2 - 2*h + 1. Let v be f(1). Let z = v - 29. Suppose -3*t + z = -0. List the prime factors of t.
2
Let p(f) = -f**3 - 3*f**2 + 4*f + 1. Let c be p(-4). Let b be 0 + 0 + (c - 1). Suppose b*z - 2*z = -6. What are the prime factors of z?
3
Suppose 2*l + 14 = 2*d + 7*l, 5*d = 2*l + 93. List the prime factors of d.
17
Let q(l) = 6*l**2 + 9*l - 13. Let h(j) = -3*j**2 - 5*j + 7. Let p(t) = 5*h(t) + 3*q(t). What are the prime factors of p(-3)?
17
Suppose y - 2*y = 4*m - 40, -3*m + y + 37 = 0. List the prime factors of m.
11
Let u(y) = -7*y - 3. Let v(w) = -8*w - 3. Let i(b) = 4*u(b) - 3*v(b). Let q be 2/(-7) - 48/28. List the prime factors of i(q).
5
Let z(t) = -2*t**3 - 4*t**2 + 4*t + 3. Let c = -29 - -25. What are the prime factors of z(c)?
3, 17
Suppose -2511 = -32*p + 23*p. List the prime factors of p.
3, 31
Let h be 5*-3*(-8)/30. Suppose h*f = 8*f - 76. List the prime factors of f.
19
Suppose 0 = -v + 10 + 4. Suppose -j = 4*b + j - 14, -j = -5*b + v. Suppose -2*c = 5*m - 74, b*m - 2*c - 2*c - 34 = 0. List the prime factors of m.
2, 7
Suppose -2624 = -14*s - 2*s. List the prime factors of s.
2, 41
Suppose -b - 6 - 6 = 0. Let f be ((-3)/((-9)/b))/(-2). List the prime factors of 8*(f + 6/(-4)).
2
Let n(h) = -h**3 + 15*h**2 - 12*h - 49. What are the prime factors of n(13)?
7, 19
Let r(l) = -l + l**2 - 2*l**2 - 3 + 2*l**2 + 1. What are the prime factors of r(5)?
2, 3
Let l(t) = -8 + t - 2*t**3 + t**3 + 7*t**2 + t. List the prime factors of l(7).
2, 3
Let a = -9 + 8. Let w be (4 + 2)/(4/(-14)). List the prime factors of a/(-2) + w/(-6).
2
Let z(k) = -2*k**3 - k + 67. What are the prime factors of z(0)?
67
Let o(f) = f**3 + f**2 + f + 46. Let x be o(0). Suppose z - 3*z = -x. List the prime factors of z.
23
Let a(n) be the third derivative of n**5/30 - n**4/8 + n**3/3 - n**2. Let j be a(4). Suppose g = -g + j. What are the prime factors of g?
11
Let k = 84 - 56. List the prime factors of k.
2, 7
What are the prime factors of (-7 - 326)*(16/6)/(-4)?
2, 3, 37
Let t(m) = -3*m - 3. Let y be t(-2). Let x(k) = -k + 0*k**2 + 3*k + 3*k - k**2 - y. What are the prime factors of x(3)?
3
Let m(t) = -2*t + 5. Let w = 4 + -8. List the pr